 by l(3).
18
What is the remainder when 5 is divided by (4/3)/((-4)/(-6))?
1
Let g = 0 - -3. Let i(y) = 3*y + g*y + 1 + 5 - 5*y. Calculate the remainder when 17 is divided by i(0).
5
Let j = 2 + 0. Suppose 4*b + j*q - 48 = 0, q + 18 + 42 = 4*b. Calculate the remainder when 54 is divided by b.
12
Let x = -94 + 46. Let w = -16 - x. What is the remainder when w is divided by 17?
15
Let w(g) = -g + 1. Let v be w(-4). Let a(j) = -3*j + 8. Let h(b) = -4*b + 9. Let o(n) = v*a(n) - 4*h(n). What is the remainder when o(6) is divided by 4?
2
Let f = -66 - -97. What is the remainder when f is divided by 8?
7
Let f = -158 - -242. Suppose -t = 3*t - f. What is the remainder when t is divided by 8?
5
Suppose 0 = 5*v - 14 - 66. What is the remainder when 78 is divided by v?
14
Let t = 140 - 45. What is the remainder when t is divided by 24?
23
Suppose p = 2*k + 3, 59 = 5*p + 3*k - 21. What is the remainder when 24 is divided by p?
11
Let c = 0 - -15. Suppose -i - 2 = -6*d + d, 0 = 4*i + 3*d - c. What is the remainder when 4 is divided by i?
1
Let g(b) = b**2 - 8*b - 4. Let y = 0 + 10. Calculate the remainder when g(y) is divided by 6.
4
Let t(d) = 26 - 25 + d**3 - 5*d**2 - 9*d + 12*d**2. Calculate the remainder when 35 is divided by t(-8).
8
Let c(u) = 9*u - 1. Let r = -9 + 18. Calculate the remainder when c(3) is divided by r.
8
Suppose 0 = 2*y - 2*t - 8, 0 = -5*y + 2*t + 10 + 4. Suppose 0 = y*v - 3*v + 5. Let r = v + 4. Calculate the remainder when r is divided by 5.
4
Suppose -3*d - x + 340 = 0, 2*x + 17 = 7. What is the remainder when d is divided by 24?
19
Suppose -1 = -5*c - 11. Suppose 0 = 3*q + q - 2*u - 52, 0 = q - u - 13. What is the remainder when c/7 + 690/14 is divided by q?
10
Let t be (-2 - -1)*1/(-1). Suppose 5*o - 23 + 8 = 5*v, 0 = o - 5*v + t. Suppose 4 = o*s - 12. What is the remainder when s is divided by 3?
1
Let r(d) = -d**3 - 6*d**2 - 4*d - 3. Let w be r(-6). Let p = -33 - -72. What is the remainder when p is divided by 2 + -1 + w + -2?
19
Let r(y) = 10*y + 11. Let c(j) = 10 + j + 5*j + 3*j. Let n(d) = 7*c(d) - 6*r(d). What is the remainder when n(3) is divided by 5?
3
Let s = -13 - -19. Let o be 3*(-4)/6 + 5. Suppose c - 2*m = 17, -m - o*m + 34 = 2*c. What is the remainder when c is divided by s?
5
Let a = -42 - -71. Let z = 0 - -1. Calculate the remainder when a is divided by ((-1)/z)/(3/(-30)).
9
Let r = 5 + 10. Calculate the remainder when r is divided by 6.
3
Suppose 2*p + 24 = 4*y, 5*y + 4 = -2*p + 52. What is the remainder when y is divided by 4?
0
Suppose -2*w - 5*l - 8 = 0, 0 = -3*l - 6. Suppose -p + z = -3, -3*p + 2*z = w - 12. Calculate the remainder when 18 is divided by p.
3
Let y = 91 + -76. Calculate the remainder when (30 - 1)*(-2)/(-2) is divided by y.
14
Let u = -42 + 90. Let p = 134 - u. Calculate the remainder when p is divided by 22.
20
Suppose 2*c + 23 - 81 = 0. Calculate the remainder when 84 is divided by c.
26
Suppose 5*s = 105 + 30. Calculate the remainder when 99 is divided by s.
18
Let h = 7 - 3. Let x be (-1 + 1 - -1)*1. Let y = 6 + x. Calculate the remainder when y is divided by h.
3
Suppose 3*p = -5*h - p + 91, 5*p = 4*h - 81. Calculate the remainder when 56 is divided by h.
18
Suppose 530 = 4*c - 478. Suppose 5*g + 2 - c = 0. Calculate the remainder when g is divided by 17/(0/2 - -1).
16
Let n(o) = -8*o - 20. Calculate the remainder when n(-6) is divided by 8.
4
Let f(n) be the third derivative of -n**4/12 + 17*n**3/6 - 6*n**2. Calculate the remainder when 67 is divided by f(0).
16
Suppose 4*z = 2 + 2, 5*m + 3*z = 8. What is the remainder when 3 is divided by m?
0
Suppose -4*g + 13 = u + 5, -24 = -3*u - 2*g. Calculate the remainder when u is divided by 6.
2
Let i(l) = -l**2 + 13*l + 13. Let y(b) = -b + 2. Let c be y(-10). Calculate the remainder when i(c) is divided by 11 - 2*(-2 - -1).
12
Let j(f) = -f**2 + 7*f - 7. Suppose 3*k - 36 = -k. What is the remainder when k is divided by j(4)?
4
Suppose 3*x = -3*w + 3, 5*x - 5 = 2*w - 0*w. Suppose w = -3*k - 2*k + 45. What is the remainder when k is divided by 1/6 - 29/(-6)?
4
Let p = -53 - -88. What is the remainder when p is divided by 12?
11
Suppose -2*k - 3*k = -35. Let d(t) = -20*t + 1. Let u be d(-1). Let a = u - k. What is the remainder when 41 is divided by a?
13
Let l(d) = -4*d - 4. Let p = -5 + 2. Calculate the remainder when 39 is divided by l(p).
7
Let q = 18 + -13. Suppose q*u + 26 = 71. What is the remainder when u is divided by 4?
1
Let f = 135 + -122. Suppose -2*z + 5*h = z - 119, -4*h - 4 = 0. Calculate the remainder when z is divided by f.
12
Let r(b) = -b - 3. Suppose 0 = -2*i - g + 3, 4*i + 0*g - 4*g - 24 = 0. Calculate the remainder when r(-11) is divided by i.
2
Suppose -5*n + 2*g + 94 = -84, -3*g = -3*n + 114. What is the remainder when n is divided by 9?
7
Suppose w = 2*w - 64. Suppose -4*s + 8*s = -w. Let y = 32 + s. Calculate the remainder when 62 is divided by y.
14
Suppose 0 = 4*m + 5*q - 455 - 104, 4*m = -q + 547. Calculate the remainder when m is divided by 36.
28
Suppose -p + 4*n + 51 = 0, -p - 6*n = -3*n - 16. Suppose -3*b + 0 = 12, -5*b - p = -r. Calculate the remainder when 30 is divided by r.
8
Let r(j) = -j**2 - 15*j - 15. Suppose 139 - 59 = 4*g. Calculate the remainder when g is divided by r(-13).
9
Let c = 50 - -128. Suppose -162 = -2*o + 3*w, o + o = -w + c. Let f = o - 55. What is the remainder when f is divided by 11?
10
Let y = -13 + 38. Suppose -3*c + 25 = -29. Suppose 5*b - 4 = -v - 10, c = 3*v + 3*b. Calculate the remainder when y is divided by v.
7
Let v be (-6)/(-15) + 56/10. Suppose 21 = 2*k + 3*t, 0*k + 3*t - v = 3*k. What is the remainder when 19 is divided by ((-1)/1)/(k/(-21))?
5
Let d = 16 + 0. What is the remainder when 44 is divided by d?
12
Let l(m) = m**2 + 9*m + 15. Let u be l(-12). Suppose 5*x + u - 316 = 0. Calculate the remainder when x is divided by 27.
26
Calculate the remainder when 22/(-99) - 74/(-9) is divided by 6.
2
Suppose 0 = o - 3*o + 20. Suppose s + q = 2, 3*s - 18 + 4 = 5*q. What is the remainder when o is divided by s?
1
Let u(t) = 20*t + 3. Let m be u(6). Suppose -4*f - f + q + 132 = 0, 5*f = 4*q + m. Calculate the remainder when f is divided by 6.
3
Let m = -42 + 3. Let c = m + 93. What is the remainder when c is divided by 14?
12
Suppose 86 = -h + 14. What is the remainder when ((-9)/6)/(2/h) is divided by 14?
12
Suppose 0 = l - 2 - 6. What is the remainder when l is divided by 1/((-8)/(-6) - 1)?
2
What is the remainder when 54 is divided by (-10)/45 - 101/(-9)?
10
Suppose -3*t = -5*z - t + 317, -3*t + 337 = 5*z. Suppose 4*v - 52 = -2*f, -2*v - z = -4*f + 3*v. What is the remainder when 38 is divided by f?
18
Suppose 9 = 2*h - 29. Suppose 4*b = 5*z + 173, z - 2*z = b - 32. What is the remainder when b is divided by h?
18
Let d = 5 - 1. Suppose -5*o = -15, -2*w - d*o = -6*o - 28. What is the remainder when w is divided by 9?
8
Suppose 5*s - o - 31 = 0, 5*s - 11 = -5*o + 14. Calculate the remainder when 23 is divided by s.
5
Suppose 5*w + 2*x = 40, -1 = w - x - 2. What is the remainder when 3*-16*(-1)/3 is divided by w?
4
Let j be (-1 + 0)/((-1)/73). Let k = -52 + j. Calculate the remainder when k is divided by (1/((-1)/11))/(-1).
10
Let d = 44 - 24. Let a(g) = g + 1. Let x be a(6). Suppose 47 = 5*s + 5*c + x, s - 6 = c. What is the remainder when d is divided by s?
6
Suppose 6 = -y + 98. What is the remainder when y is divided by 369/12 + 1/4?
30
Let j(b) = -b - 6. Let a be j(-5). What is the remainder when 53 is divided by (a - 3/6)*-12?
17
Let r(m) = m**3 + 5*m**2 + 2*m - 3. What is the remainder when 14 is divided by r(-3)?
5
Suppose 8*f - 11*f + 18 = 0. What is the remainder when f is divided by 3?
0
Let p(r) = -4 - r**2 - 10*r + 4 - 4. Suppose -5*d = -4*t - 16, 2*t - 5*d = -t - 7. Calculate the remainder when 13 is divided by p(t).
3
Let x(a) = 4*a + 2*a + a**2 - 4*a + 4. Let w(b) = -5*b - 3. Calculate the remainder when x(-4) is divided by w(-2).
5
Suppose -2*p = m - 34, 0*m - 44 = -3*p - 5*m. What is the remainder when 68 is divided by p?
14
Suppose -20 - 20 = -p. Suppose -2*t + 255 = 3*t. Suppose 3*f - 46 = 4*g, -2*f + 5*g - 18 + t = 0. What is the remainder when p is divided by f?
12
Suppose -x + 3*x - n = 106, 0 = -3*n + 12. Calculate the remainder when x is divided by 2